(y) - r(y). Let h(i) = i**2 - i. Let v(k) = 5*h(k) + m(k). List the prime factors of v(-7).
7
Suppose -1579 = -3*b + 5*k, -2148 = -4*b - 21*k + 17*k. What are the prime factors of b?
13, 41
Let p = -4 + -6. Let t be -1 + 2*p/(-4). Suppose -t*z + 104 = 6*m - m, 0 = -3*z - 12. List the prime factors of m.
2, 3
Let n(b) be the third derivative of 0*b - 1/60*b**5 + 0 - 2*b**3 + b**2 - 2/3*b**4. What are the prime factors of n(-6)?
2, 3
Suppose -c + 3 = 0, 9*c - 8*c + 1817 = 4*l. What are the prime factors of l?
5, 7, 13
Let n(a) = -4*a - 20. Let r(j) = -2*j - 10. Let i(f) = 2*n(f) - 5*r(f). Let h be i(-11). What are the prime factors of 56/h*15/(-2)?
5, 7
Let s be (-70)/(-21) + 1/(-3). Let q = s - -3. List the prime factors of (2/q)/((-2)/(-198)).
3, 11
Suppose 106 = -4*j + 5*g - 183, -356 = 5*j - g. Suppose -u = l - 0*l + 41, -4*u + 196 = -5*l. Let c = l - j. What are the prime factors of c?
31
Let u(l) = 62*l**2 + 2*l + 1. Let a be u(-1). Suppose -n = -h - a, 2*n - 4*h = -0*n + 132. List the prime factors of n.
2, 7
Let a be 1*(1 - 0)*4. Suppose 2*q = 7*q + 4*v - 908, 4*q = -v + 722. Suppose -44 = a*t - q. What are the prime factors of t?
2, 17
Suppose 3*i + 3 = 3*l, 3*i - 2*i + 7 = 2*l. Let q be (-6)/18 - (-38)/l. Suppose 0 = q*o - 2*o - 84. List the prime factors of o.
3, 7
Let q(g) be the third derivative of -g**5/20 + g**4/24 - g**3/6 - 4*g**2. Let c be q(1). List the prime factors of 13/(-2)*6/c.
13
Suppose 76 = 11*l - 16523. What are the prime factors of l?
3, 503
Let z be (-93)/(-24) + 2/16. Suppose 5*d + z*y - 277 = 0, -5*d - 5*y - 18 = -298. List the prime factors of d.
53
Let g = 266 - -618. List the prime factors of g.
2, 13, 17
Suppose 0 = -10*l - 238 + 388. List the prime factors of l.
3, 5
Suppose 0 = 3*t + 3*q - 4026, -9*t + 4*q = -10*t + 1339. List the prime factors of t.
17, 79
Suppose 5*a - 3*a + 5*d = 263, -4*a + 3*d + 565 = 0. Suppose -a + 29 = -5*m. List the prime factors of m.
2, 11
Let j(d) = -49*d - 2. Let z be j(-1). Suppose t + 9 = z. Suppose -5*a - t = -103. What are the prime factors of a?
13
Suppose -4*g = v - 436, 0*v - 1696 = -4*v - 4*g. List the prime factors of v.
2, 3, 5, 7
Let s = -47 - -62. Let c be -70*((-3 - -2) + 0). List the prime factors of 1/(s/6)*c.
2, 7
Let p be (-3)/(2 - 5)*5. Let c be 2*(-1 - p/(-2)). Suppose 0 = c*x - 88 - 50. List the prime factors of x.
2, 23
Let d(o) be the third derivative of o**5/60 + 11*o**4/24 + 35*o**3/6 + 25*o**2. What are the prime factors of d(-10)?
5
Let o(h) be the first derivative of -h**4/4 + 2*h**3 + 5*h**2/2 - 6*h - 8. What are the prime factors of o(4)?
2, 23
Suppose 20*l + g - 2086 = 18*l, -3*l + 3140 = -4*g. List the prime factors of l.
2, 3, 29
Let s(h) be the second derivative of h**5/20 - 5*h**4/6 - 2*h**3/3 + 8*h**2 + 32*h. List the prime factors of s(11).
3, 31
Let c(d) = 7*d - 11. Let x be c(13). Suppose 5*p - 30 - x = 0. What are the prime factors of p?
2, 11
Suppose -v = -2*h - 2*v + 13, v + 43 = 5*h. Let k = 5 + -3. Suppose r - d - h = -k*d, -2*r + d = -1. List the prime factors of r.
3
Let j = 3848 - -11115. Let n be j/52 + 3/(-4). Suppose 0 = 3*o + 53 - n. List the prime factors of o.
2, 3, 13
Let w(k) = -k + 11. Let l be w(9). Let b be l*(-7)/2 - -2. What are the prime factors of 3 - 2 - (b + 2)?
2
Let z(m) = 27*m**2 - 22*m + 261. List the prime factors of z(10).
2741
Let h(w) = w - 1. Let p(b) = -b**3 + 10*b**2 + 5*b + 14. Let u(t) = -3*h(t) - p(t). List the prime factors of u(12).
181
What are the prime factors of ((-4344)/(-16) - -11)/((-2)/(-4))?
5, 113
Let k(g) = 7*g + 4. List the prime factors of k(19).
137
Let n(y) = y - 6 + 3*y**2 + 5 + 15 - 8*y. What are the prime factors of n(5)?
2, 3
Let o(g) = g**3 - 8*g**2 - 11*g + 11. Suppose -m + 9 = -0*m. Let v be o(m). What are the prime factors of (-26 + 0)*v/7?
2, 13
Let b be (-80)/15 + 1/3. Let o = -153 - -137. Let s = b - o. What are the prime factors of s?
11
Let v = 3059 + -2540. List the prime factors of v.
3, 173
Let a(n) = -10*n**3 - n**2 - n. Let l be a(-1). Let z be 85/l + (-4)/8. List the prime factors of 4/z*(3 + 23).
13
Suppose -2*i + 508 = 5*t, -2*i + 174 + 328 = 2*t. What are the prime factors of i?
3, 83
Let f be 2/8 + 3/4. Suppose 0 = -k - f, 3*c + c + 4*k = -4. Suppose 0 = -3*g + 57 - c. What are the prime factors of g?
19
Suppose -169 = -2*t + 65. Suppose 4*o + 78 = f, -21 - t = -2*f - o. Let b = f - 31. What are the prime factors of b?
3, 13
Let r(b) = 4*b**2 + 17*b - 1. What are the prime factors of r(-12)?
7, 53
Suppose 3*y = 2*v - 1926, 2*v + 3*y - 995 - 943 = 0. List the prime factors of v.
2, 3, 7, 23
Let d(c) = 3*c + 13 + 1 - 12*c + 2*c. What are the prime factors of d(-6)?
2, 7
Let m = -181 - -242. What are the prime factors of m?
61
Suppose 0 = 5*i - 2*l - l - 25, -5*i + 4*l = -25. Suppose i*w - 1009 = -3*m + 620, 2*m - 977 = -3*w. List the prime factors of w.
3, 109
Let m = -22 - -79. Suppose a + 0 = m. Let g = -32 + a. List the prime factors of g.
5
Let m(k) = -k**3 + 5*k**2 - 3*k - 2. Let f be m(4). Let h = 8 - 6. Suppose -5 = -6*a + 3*a - 4*v, f*a + h*v = 6. List the prime factors of a.
7
What are the prime factors of 4/18 - (43498/(-117) + -3)?
3, 5
Let u be 1 + 10*(-3)/(-6). Suppose 0 = -u*s + 5*s + 6. Suppose -2*p - 3*j = -11, 3*p = s*p - 3*j - 9. What are the prime factors of p?
2
Let c be (3/2)/((-4)/16) - 17. Let t(j) = -j**3 - 7*j**2 - 4*j - 1. Let m be t(-5). Let h = c - m. What are the prime factors of h?
2
Let v = 11 - 9. Suppose 0 = 4*g - v*g - 64. List the prime factors of ((-152)/g)/((-1)/4).
19
Let x(c) = 564*c**3 - 524*c**3 - 4 + 3*c + 1 - c**2 + 0*c**2. List the prime factors of x(1).
3, 13
Let w = 2 + -20. Let k = w + 18. Let o = k + 45. What are the prime factors of o?
3, 5
Let k be (((-44)/(-4))/(-1))/1. Let s(o) = o**2 + 10*o - 10. Let d be s(k). What are the prime factors of (3 - (2 + -28))*d?
29
Let l = 799 + 147. What are the prime factors of l?
2, 11, 43
Let k = -214 - -424. What are the prime factors of k?
2, 3, 5, 7
Let m be (4 - 7) + (0 - -1)*-242. Let d = 400 + m. List the prime factors of d.
5, 31
Let h = -450 - -770. Suppose 80 = 4*u - h. List the prime factors of u.
2, 5
Let y(j) = 5*j**2 + 14 + 4*j + j - j**3 - 13. Suppose -2*o + 30 = 5*v + 3*o, 2*o = 5*v - 16. List the prime factors of y(v).
37
Suppose -3*m + 4*f + 253 = -310, 0 = 5*m + 2*f - 921. Let z(l) = -11*l**3 - l**2 - l - 1. Let t be z(-1). List the prime factors of (m/t)/((-1)/(-2)).
37
Suppose 23*v = 21*v + 682. List the prime factors of v.
11, 31
Let w(j) = -7*j + 12. Let p be w(-6). Suppose 13*c - 15*c + p = 0. List the prime factors of c/(-18) + 254/4.
2, 31
Suppose 5*o - 2 = -7. Let j be 5 + o + -3 + 1. Suppose -4*w - 4*r + 112 = 0, -3*w + 2*w + j*r + 13 = 0. What are the prime factors of w?
23
Let u = -2 - 0. Let j be ((-28)/(-8) + -3)*u. What are the prime factors of 16/2*j/(-2)?
2
Let u(z) be the second derivative of -z**4/12 + 11*z**3/6 + z**2/2 + 42*z. Suppose 2*x + 5*h = 41, 0*x + 3*h - 31 = -2*x. What are the prime factors of u(x)?
5
Let j be ((-22)/4)/(3/(-6)). Let s = j - 25. Let d = s + 25. List the prime factors of d.
11
Let o = 250 - 101. Suppose 353*y - 495 = 348*y. Suppose 0 = -3*q + x + o, -x + 0*x = -2*q + y. What are the prime factors of q?
2, 5
Suppose 0 = 17*d - 14*d + 3, 909 = 5*n + d. What are the prime factors of n?
2, 7, 13
Let g(j) = j + 0 + 4 + 2*j**2 - 4 + 6. List the prime factors of g(-4).
2, 17
Let c(t) = 2*t**3 - 7*t**2 - 3*t + 4. Let p be c(4). Let g(o) = o**3 - 8*o**2 + 13*o - 27. List the prime factors of g(p).
7, 11
What are the prime factors of (-70042)/(-63) - -4*(-2)/(-36)?
2, 139
Let p(l) = -l**3 - 25*l**2 - 99*l - 15. What are the prime factors of p(-24)?
3, 5, 7, 17
Let s = 40 - -2280. List the prime factors of s.
2, 5, 29
Let j(v) be the third derivative of -11*v**6/120 + v**5/60 - v**3/6 - 2*v**2. Let w(m) = -2*m + 1. Let l be w(1). What are the prime factors of j(l)?
11
Suppose 27*u + 2944 = 27622. What are the prime factors of u?
2, 457
Let b(x) = 2*x**2 - 8. List the prime factors of b(-3).
2, 5
Let b(d) = 2*d**3 - 7*d**2 + 4*d - 24. Suppose 8*p + 14 = 54. What are the prime factors of b(p)?
71
Suppose -2*s - 4*r = -44, -2*s + 0*s + 3*r = -58. Let q(k) = -67 - s*k - 64 + 137. What are the prime factors of q(-2)?
2, 29
Let g